e the highest common divisor of 9 and a.
9
Let j = 1538 - 1525. What is the greatest common factor of 9 and j?
1
Let y(q) = 2*q**2 - q - 13. Let b = -48 - -52. Let g be y(b). What is the greatest common divisor of 135 and g?
15
Suppose -3*b = -b - 46. Let y(s) = s**2 - 10*s + 11. Let i be y(9). Let l be 71 - (5 + -5) - i. What is the greatest common factor of l and b?
23
Let q be 76*(6*(-63)/56 - -8). What is the highest common divisor of 665 and q?
95
Let p be (-4)/(-8) + (-63)/(-2). Suppose 7*x - 41 + 13 = 0. What is the highest common divisor of x and p?
4
Let i = -264 + 339. What is the greatest common factor of 100 and i?
25
Let h(x) = 6*x**2 + x + 3. Let s be h(-2). Suppose -4*u + v + 18 = 2, 2*v = -2*u - 2. Suppose 2*j - s = u. Calculate the greatest common divisor of j and 21.
7
Let s(c) = c**3 + 7*c**2 - 2*c - 5. Let b be s(-7). Let x be b + 0 + 1 + -2. What is the highest common factor of x and 12?
4
Let f(o) = -26*o - 19. Let l be f(-4). Let q = l + -51. Calculate the highest common divisor of q and 51.
17
Suppose 3*v - 6 = 5*j, -8*v + 3*v = 2*j - 41. Calculate the highest common divisor of v and 77.
7
Let v(w) = 5*w**2 - 9*w + 5. Let y be v(4). What is the highest common factor of 35 and y?
7
Let j(y) = y**2 - y. Let g be j(-4). Suppose 13*d - 8*d + 315 = 0. Let z be 10/(-4 - d/15). Calculate the greatest common divisor of g and z.
10
Let y be ((-112)/10)/(4/(-250)). Calculate the highest common divisor of y and 28.
28
Let o = -2025 - -2052. What is the highest common divisor of o and 828?
9
Let f be (13*-18)/(3 - 5). Calculate the highest common factor of f and 273.
39
Let q be 99*(0 + (-10)/(-6)) - -1. Let h = 2 + q. Calculate the highest common factor of 24 and h.
24
Suppose -7 = -z - 4. Suppose -3 = -4*u + 13, -60 = -4*q - z*u. Suppose -a + 4*a = q. What is the highest common divisor of a and 1?
1
Let u be ((8/6)/1)/((-16)/(-168)). What is the highest common factor of u and 266?
14
Let v be (-988)/(-114) - (-6)/(-9)*1. What is the greatest common factor of 216 and v?
8
Let m(q) = 21*q**2 + 154*q - 24. Let k be m(-8). What is the greatest common factor of 209 and k?
11
Let f = 39 - 87. Let x = 36 - f. Calculate the highest common divisor of 210 and x.
42
Let x be -4 + 2 + 2/2. Let g be (-1 - -1)*(x + 0). Suppose -3*a - 4*t = -31, 70 = 5*a - g*a + 3*t. Calculate the highest common divisor of 187 and a.
17
Let h be (-14)/1*(4 + 3). Let j = -88 - h. Calculate the greatest common factor of j and 50.
10
Let m = -149 - -208. Let d = m - 48. Calculate the greatest common divisor of 99 and d.
11
Let z = -9 - -13. Let s(w) = 15*w - 5 + z*w**2 - 8*w - 4*w**3 + 3*w**3. Let m be s(5). What is the highest common divisor of m and 55?
5
Let s be -7*(-11)/((-77)/(-30)). Suppose 4*r + 24 = 2*y, 0 = -3*y + 2*r + 2*r + 34. What is the greatest common divisor of y and s?
10
Let t = 14 + -11. Let u be 5*(t - (-26)/(-10)). Suppose -u = a - 23. Calculate the highest common divisor of 7 and a.
7
Suppose -3 = 3*r, 5*j + 4*r + 0 + 9 = 0. Let l = -38 + 27. Let v = j - l. What is the highest common divisor of v and 15?
5
Let y = -1532 - -1542. Calculate the greatest common factor of 1010 and y.
10
Suppose 10*t - 525 = 5*t. Suppose 2*l - t = -l. Suppose -2*p = -3*p + l. What is the greatest common factor of 5 and p?
5
Suppose 4*d + 2*b + 0*b = 1614, 5*d + 3*b - 2017 = 0. What is the highest common factor of 4 and d?
4
Suppose y = c + 4*y - 26, 3*c - 58 = -4*y. What is the greatest common factor of 378 and c?
14
Let m(b) = -6*b**2 + 9*b + 23. Let r(l) = 5*l**2 - 8*l - 23. Let x(u) = 3*m(u) + 4*r(u). Let y be x(7). Calculate the greatest common factor of y and 5.
5
Suppose z = 4*z - 60. Suppose -z = -5*q, 10 = -2*i - 2*q + 2. Let v be (5/4)/(i/(-160)). Calculate the greatest common factor of v and 5.
5
Let i(f) = 2*f**2 + 11*f - 17. Let m be i(-12). Suppose -4*r + 253 = -m. What is the greatest common factor of 28 and r?
14
Let q(c) = -4*c - 3*c - 7 - 2*c - 4*c. Let h be q(-1). What is the highest common divisor of 102 and h?
6
Let l be (1/(-2))/(2/(-12)). Suppose -4 = -4*h + 5*z, -3*z = 3*h - 2*z - l. Calculate the greatest common divisor of 2 and h.
1
Suppose -w + 4*g = -11, g - 78 = -3*w + 4*g. Calculate the greatest common divisor of w and 31.
31
Suppose 5*q - 15 - 5 = a, 2*q + 5 = 3*a. Suppose i - q = -1. Calculate the greatest common factor of 8 and i.
4
Let c be 27/(-6 - -9) + (-8)/2. Let x be 14/c*(-5)/(-4)*4. Calculate the greatest common factor of x and 42.
14
Let m be (54/(-4))/(77/14 - 6). Calculate the greatest common divisor of m and 189.
27
Let m(n) = 4*n - 7. Let t be m(6). Suppose -s + t = -35. Calculate the greatest common factor of 4 and s.
4
Suppose d - 6 + 0 = 0. Let i(z) = -3*z + 7. Let c be i(6). Let r = -9 - c. What is the highest common divisor of r and d?
2
Let k(q) = -9 + 4 + 9*q - 14 - 8 + q**2. Suppose 5*j + 31 = -29. Let x be k(j). What is the highest common divisor of 3 and x?
3
Suppose -9 = k - 39. Suppose n = -4*n + 115. Suppose 0 = -3*l - 12, -i + n = -0*i - 2*l. Calculate the highest common divisor of i and k.
15
Let f(q) = -74*q - 152. Let j be f(-5). What is the highest common factor of j and 2?
2
Let d be ((-6)/(-2))/3 - (-3 + -1). Suppose 4*s = -3*f + 76, f - 67 - 28 = -d*s. Calculate the greatest common factor of 19 and s.
19
Suppose -23*a - 25*a + 1344 = 0. What is the greatest common divisor of 238 and a?
14
Let a(n) be the second derivative of 11*n**4/12 - n**3/6 - n. Let i = -7 + 6. Let m be a(i). What is the highest common divisor of m and 12?
12
Suppose 6*n + 7 = 5*n. Let t = n + 1. Let r be 12 + (t/2 - 0). Calculate the highest common divisor of 81 and r.
9
Let m = -67 - -96. Calculate the highest common divisor of m and 725.
29
Let m be (-2 - 0/2)/(12/(-246)). Suppose -2*u - 10 = -y + 16, -m = -y + 5*u. Calculate the greatest common factor of 2 and y.
2
Suppose -14*u - 1168 = -3*c - 9*u, 2*u = 4*c - 1576. Suppose 5*s - 165 = -5*z, 135 = 4*s + 3*z - 0*z. Calculate the greatest common divisor of s and c.
36
Let x(o) = o**2 + 6*o + 21. Let n be x(-9). Suppose y - 13 = -w, -4*y = w + 2*w - n. What is the highest common factor of 99 and y?
9
Let x = -37 - -39. Suppose x*j - 7*j + 180 = 0. What is the greatest common divisor of 90 and j?
18
Suppose -8*b = -117 - 107. Calculate the highest common divisor of 14 and b.
14
Let o = -1023 + 1035. What is the highest common factor of 32 and o?
4
Let f be 7*(5 + -2 + -1). Let j be (-21)/5 + (-8)/(-40). Let h = j + f. Calculate the highest common divisor of h and 90.
10
Suppose -2*i + 756 = 2*i. What is the greatest common factor of i and 54?
27
Suppose -113*s = -133*s + 780. What is the greatest common factor of s and 6?
3
Suppose -6*i + 239 = -787. Suppose -i - 21 = -4*w. Calculate the highest common divisor of w and 12.
12
Let x = 37 - 32. Suppose x*h = 5*o + 220, -4*o = 2*h - 3*o - 100. What is the highest common divisor of h and 16?
16
Let k = 0 - -14. Let i = -5 + -9. Let m = 70 + i. What is the highest common divisor of m and k?
14
Suppose -5*y = 2*m - 125, 7*m = 3*m - 20. Calculate the highest common factor of 729 and y.
27
Let u = -55 + 99. Suppose -19 + u = x. What is the greatest common factor of 225 and x?
25
Let t(n) = 137*n**2 - 12*n - 11. Let g be t(-1). What is the highest common factor of 18 and g?
6
Let m(w) = -2*w**2 + 7*w + 2. Let x be m(-3). Let a = x + 65. What is the greatest common factor of a and 112?
28
Suppose -3*u = 3*c + 144, 3*c + 2*u + 2*u = -147. Let o = c - -64. What is the greatest common factor of 19 and o?
19
Let y(s) = 8*s**2 - 6*s - 2. Let r be y(-4). Let w be ((-210)/231)/((-9)/297). What is the greatest common factor of w and r?
30
Let l = -1507 + 1513. What is the greatest common factor of 1662 and l?
6
Let o be 5/(2684/891 + -3). What is the highest common factor of 30 and o?
15
Let r be 16*3*3/6. Suppose m - 5*m + r = 0. Suppose 0 = -7*u + 6*u + m. What is the greatest common divisor of 9 and u?
3
Let z(i) = -5*i - 16. Let l = 19 + -27. Let g be z(l). What is the greatest common divisor of 60 and g?
12
Let u(w) = 2*w - 10. Let x be u(11). Suppose -5*o - 6 = -k - o, 2*o = -2*k + x. Let g = k - -2. What is the highest common divisor of g and 2?
2
Suppose -43*u - 300 = -o - 39*u, -5*o = -5*u - 1530. Calculate the greatest common fac